 -5 + 29.
27
What is the value of 7 + (-19 - -14 - 3) - 4?
-5
What is 5 - 1 - 2 - (-15 + 0 + 11)?
6
What is the value of 9 + -2 + (-8 - -2) + 8 + -31?
-22
((13 - -1 - 8) + 1 - 11) + 30
26
Calculate 16 + (-1 + 1 - (209 + -195)).
2
Evaluate (40 - 31) + 1 + 6 + -13.
3
What is the value of 27 + (12 - (25 + 20))?
-6
18 + 0 + (-1 - 11 - -8)
14
0 - -35 - (-26 - (-35 + -1))
25
Calculate (35 - 29) + -1 + -12.
-7
18 + -19 + (-25 - -11)
-15
What is 6 + -22 + 12 - 8 - -10?
-2
What is (2 + -16 - -17 - (-2 + 4)) + 18?
19
Calculate (15 - 42 - 3) + 58.
28
Calculate (-68 + 52 - -28) + (-28 - (-3 - -1)).
-14
Evaluate -379 - -380 - (22 + 1).
-22
3 - (1 - ((27 - 10) + -7))
12
(0 - 20 - -14) + -22
-28
Calculate -7 + (0 - 6) + 10 - -10.
7
What is the value of 5 + 12 + (18 - (-13 - -11))?
37
Calculate 13 - (52 - (43 - 28)).
-24
What is 1 - (-9 + -6 + -2) - 12?
6
7 + 12 + -3 + -10 + -7
-1
Calculate -4 - (-23 + 9) - 3 - (-1 + 6).
2
What is (-50 + 29 - -33) + -8?
4
What is the value of 1 + (-7 - 13 - -8) + 3?
-8
What is the value of ((14 - 6) + 5 - -10) + -4?
19
-1 + 5 - 0 - (-48 + 42)
10
Evaluate (-25 - (-1 + 1)) + 16.
-9
Calculate 3 + (4 - 0 - (55 - 57)) + -39.
-30
What is the value of -15 + 3 + (23 - 1)?
10
-11 + (-42 - -48 - (2 - (3 - 5)))
-9
What is 5 + -4 + 6 - (27 - 21)?
1
Evaluate -2 + 33 - (54 + (-118 - -61)).
34
What is the value of (-434 - -420) + (-4 - -3)?
-15
Evaluate -5 + 8 + 7 + -21.
-11
What is 6 + (8 - 39 - -13 - (-4 - 1))?
-7
What is (9 - 2) + -33 + 32 + (-3 - 6)?
-3
(0 + 2 - -3) + (41 - 15 - 57)
-26
What is (-115 - -112) + (4 - -1) + 5?
7
Evaluate 8 + (8 - 7) - (6 - 9) - 39.
-27
Evaluate (-1 - -2) + -6 + (-14 - -12) + 20.
13
Evaluate (33 + 1 - 42) + 4 + -2 + 6.
0
What is the value of (-3 - -30) + (-23 - -14)?
18
Calculate -3 - (-7 - -1) - -5 - (3 + -2).
7
Calculate -7 - (1 - (11 - 5)) - (-1 - 9).
8
Calculate (-8 - (-5 + -1 - -5)) + -7.
-14
(2 - 4) + 2 + (-11 - -10 - -2)
1
0 - (-6 - (12 + 9 - 8))
19
What is the value of -5 - -5 - 3 - 7?
-10
What is 3 + -1 + (87 - 74) + -31 + 1?
-15
Evaluate -9 - 6 - -14 - -7.
6
What is (-2 - -5) + (2 - -10) - 2?
13
What is the value of 6 + 11 - 13 - 14?
-10
What is (-3 - (5 + -6)) + 29 + 0 - 4?
23
What is (1 - -3 - -4) + 24 + -16?
16
What is (16 - -11) + -30 + -8?
-11
What is the value of 42 - (-39 - -49 - 0)?
32
Calculate -65 + 45 + (7 - -4).
-9
What is the value of (-18 + 43 - 15) + 11 + -2?
19
(2 + -47 - -11) + 15
-19
Evaluate -30 - (8 - (-10 + 2) - 8 - 17).
-21
What is the value of ((1 - -4) + -3 - -2) + -2?
2
What is (-173 - -183) + (0 - -3)?
13
-74 + 80 + 0 + -2
4
What is (13 - (33 + -20)) + 16?
16
Calculate (1 - -7) + -2 + (-12 - (-18 - -6)).
6
Calculate (30 - 19) + -16 + 7 - (17 - -1).
-16
42 + 17 + -58 + 1 + 10
12
What is -1 + 0 + -2 + 8 + -346 + 331?
-10
What is 40 + 0 + -30 + -17 + -1?
-8
Evaluate -19 - (17 + -18 - 32).
14
What is 0 + (-67 - -37) + 36?
6
Evaluate -7 + 13 + -17 + (0 + 10 - 3).
-4
-19 - (-5 - (4 + 7 + -10))
-13
What is the value of (-9 - -3) + 4 + 2 - (-2 - 0)?
2
What is 32 - (17 - -22) - (-22 - 1)?
16
What is 21 - (17 + 0 + -12 - (-1 + 3))?
18
What is the value of -2 + (8 - 0) - (62 - 58)?
2
What is the value of -9 + -2 + -1 + 9 + -8?
-11
What is (0 + (9 - 8) - -32) + -8?
25
-6 - (-4 + (-13 - -21)) - (-35 + 3)
22
Evaluate 43 + -64 - (7 + -35).
7
4 + 1 - (19 - (17 - (15 + -5)))
-7
What is the value of (10 - 7) + 7 + 21 + (-10 - -2)?
23
What is -5 + 1 + -5 + (23 - 3)?
11
Calculate -14 + (44 - 29 - (-4 + -29)).
34
-5 + 1 - (233 + -238)
1
What is (-7 + -9 + 6 - -17) + (13 - -1)?
21
Evaluate (17 - (-17 + 46)) + 6.
-6
Evaluate -25 + 36 - (2 + 17).
-8
What is the value of 21 + 2 + -1 + (-59 - 20 - -77)?
20
-9 + (21 - (5 - 1))
8
What is the value of 9 - 0 - (-43 + 31 - -21)?
0
Evaluate -1 + 4 + 0 - (36 + -44).
11
Calculate 793 + -794 - (1 + (30 - (0 + -2))).
-34
What is the value of -8 + (8 - (3 - (-2 - -18)))?
13
Evaluate 16 - (16 - -2 - (148 + -135)).
11
-151 + 163 - (-9 + -1 + 2 + 1)
19
What is 4 - 2 - 13 - (31 + (0 - 30))?
-12
Calculate 15 + (7 - (-3 + 7 + 1) - 5).
12
-46 + 45 - (19 - -15)
-35
What is the value of 0 + 5 + 2 + -11?
-4
(12 - 4) + 0 + -18
-10
Calculate (16 - (16 + -6)) + -11.
-5
12 - (6 + (-13 - (1 - 7))) - 2
11
What is the value of 1 + 1 + 0 - (-326 + 342)?
-14
Calculate (-48 - -43 - (-13 + -1)) + -27 + 6.
-12
What is the value of -3 + 0 + 4 - (-9 + -14 + 23)?
1
-1 - 4 - (5 + 4 + (-39 - -21))
4
(2 - 3) + 2 + 5 - (2 + -12)
16
Calculate -5 + -7 + 17 - (3 + -6).
8
Calculate (21 + -9 - (3 + -8)) + -28.
-11
0 + (13 - 1) + 23 + (33 - 62)
6
Calculate (11 - 1) + -23 + (-13 - -31).
5
What is 18 - (4 + 2 + -6 + 6)?
12
What is the value of -20 + 2 - -2 - -6 - -2 - -1?
-7
What is the value of 2 + 1 + (1 + 0 + 2 - 13)?
-7
4 + 37 + (32 - 46)
27
Evaluate (43 + -9 - 11 - -3) + (0 - 2).
24
Evaluate 24 - (-14 + (55 - 22)).
5
What is (10 - -1) + 52 + -20 + -35 + 7?
15
Calculate (1 - 33) + 258 + -241.
-15
Evaluate -15 + 0 + (10 - 4 - 8 - -6).
-11
-85 + 100 + -3 + -34 - -6
-16
Calculate 1 - 9 - ((10 - 0) + -6).
-12
What is the value of 16 - (16 - -10) - -3?
-7
Calculate -3 + -2 - ((-8 - 10) + -3) - 5.
11
What is the value of 17 + -17 + -12 + 3?
-9
(3 + 30 - (0 + 3) - -1) + -3
28
Calculate 3 - (-3 - (-23 - -11)).
-6
-33 - -2 - ((6 + 0 - -5) + -19)
-23
(0 - 3) + (9 - 5 - 7)
-6
What is the value of 3 + -5 + -21 + 6 + 2?
-15
Calculate -1 + 3 - (-4 - -1) - (-25 - -28).
2
Calculate 12 + 6 + 1 + -9.
10
What is the value of 9 + (-8 - (-17 - (7 - 11)))?
14
What is 3 - (0 - 3) - (-4 + 6)?
4
Calculate 5 + 1 + (7 - 2 - 20) - -1.
-8
What is 9 - (-18 - (-13 - 11))?
3
What is the value of 8 - 0 - (-18 - (-20 - (11 + 3)))?
-8
Evaluate -8 - (-1 + 7 + 0 - (-575 + 612)).
23
Calculate -4 + 14 + 3 - 3 - (-221 + 213).
18
What is 12 + (-17 - (-2 + -26))?
23
Evaluate (-9 - (-8 + -8)) + -1.
6
What is (-11 - (6 - 6)) + 5 + -3?
-9
Calculate -5 + (1 + -14 - (-22 + 8 + 11)).
-15
What is (14 - 26) + (9 - (-2 - (-4 - 4)))?
-9
What is the value of -1 - -4 - (-24 - -13 - (0 - 6))?
8
1 + 21 + -10 - 7
5
Calculate (10 - 4) + (-35 - -26).
-3
Evaluate (-3 - (-3 + -3 + -2)) + 1.
6
Evaluate 7 - -2 - 22 - (-6 - (10 - 12)).
-9
What is (3 - -12) + (-13 - -8) - (-5 - -11)?
4
Evaluate -10 + 0 + (3 - (6 - 2 - -2)).
-13
Calculate 6 + -3 + -2 - 8 - (39 - 52).
6
Evaluate 14 + -13 + (-12 - -23).
12
What is the value of -7 - (-2 + -11 - -6)?
0
What is 7 + (13 + (-32 - -15) - (-5 - 0))?
8
Calculate -12 + -4 + (-14 - -79) + -16.
33
Calculate 302 - 296 - (-6 + 0 + -1).
13
Calculate 5 + -9 + -2 - (-2 - (4 + -8)).
-8
Evaluate 1 + (17 - 13) + 3.
8
What is -20 + 32 + -8 + (-2 - -1 - -4)?
7
-12 + 2 + 54 + -17
27
Evaluate 0 + -31 + 35 + -34.
-30
Evaluate (0 - (-12 - -8)) + -4 + 8.
8
(13 - ((-7 - -5) + -8)) + -10
13
Evaluate 5 - (-3 - (-16 + -1)) - 11.
-20
Evaluate (800 + -804 - ((-1 - -2) + 2)) + -10.
-17
-1 - -4 - ((-31 - -7) + 18) - -7
16
Calculate (-4 - -10) + 3 - (7 - 5).
7
What is the value of (16 - 0) + (-34 - (0 - 23))?
5
What is the value of (-12 + 3 - (12 + -28 - -8)) + -4?
-5
Evaluate (0 - (-14 - 2)) + -27.
-11
18 - (6 + (2 - 0) + -6 + 3)
13
Evaluate 7 + -23 + 1 + 0 + -7 + 4.
-18
-3 + 12 - (-16 + 35)
-10
Evaluate -26 + (-15 - (7 + -21)) - -6.
-21
Evaluate 6 - (8 + -4) - (-1 - -3).
0
What is -25 + -8 + (2 - 2) + (-177 - -187)?
-23
-34 + (-15 - -48) - (27 + -7)
-21
What is the value of (4 - (11 - 6)) + (2 + -2 - -8)?
7
What is the value of -12 - (-21 + 60) - -33?
-18
What is (-93 - -43 - -53) + (20 + -2 - 1)?
20
What is the value of 1 + -3 + 9 + -13 - -5?
-1
(-8 - 2) + 12 + 6
8
-10 - (9 + 2 + 13 + -19 - 10)
-5
What is the value of -4 + 3 + (-9 - -13) - 6?
-3
What is the value of 7 + -22 + -9 - -42?
18
15 + (-9 - 8) + 2 - (1 + -18)
17
(-7 - 6) + (1 - -5) + -5 + 18
6
-91 - -95 - (-1 - -1) - 8
-4
What is the value of (-7 - -2) + 33 + (-29 - 11)?
-12
Calculate (3 - 10) + (2 - -20 - -1 - 0).
16
Evaluate (-25 + 15 - -24) + -7 + 2.
9
What is the value of 4 + -17 + (56 - 5) + -22?
16
Evaluate 6 + (-6 - (9 - 12 - -14)).
-11
Evaluate -23 - (10 - 9 - 14).
-10
22 - (56 - 68 - (1 + -17))
18
Calculate (-17 - 4) + 10 - (1 + (-2 - 24)).
14
Evaluate (-25 - -34 - -17) + -11.
15
What is the value of (-34 - -8) + 6 + 7 + 0?
-13
What is the value of -5 + -22 - (-10 + (6 - 6) - -2)?
-19
Calculate -10 + (3 + 7 + -6 - 2) - 19.
-27
Calculate (-1 - ((-1 + -1 - 2) + 5)) + 